*l**2 - 52*l - 14. Determine f(-17).
3
Let h(d) = -4*d**2 - 7. What is h(-3)?
-43
Let f(n) = 2*n + 51. Give f(-25).
1
Let g(q) = q + 9. What is g(-23)?
-14
Let t(d) = -9*d + 82. Give t(9).
1
Let c(f) = f**2 + 10*f - 19. Give c(-13).
20
Let x(n) = -10*n**3 - 2*n**2 + 10*n - 18. Determine x(2).
-86
Let d(m) = -m**3 - 9*m**2 + m + 8. What is d(-9)?
-1
Let o(b) = 3*b**2 + 6*b - 11. Calculate o(5).
94
Let o(g) = 26*g**2 - 128*g - 7. Determine o(5).
3
Let d(u) = -2*u - 77. Determine d(-26).
-25
Let q(k) = -19*k + 129. Determine q(7).
-4
Let j(x) = x**3 + 6*x**2 + 8*x + 10. What is j(-4)?
10
Let t(g) = -g**3 - 4*g**2 - 3*g - 5. Calculate t(-4).
7
Let k(w) = w + 11. Give k(7).
18
Let l(h) = 10*h - 123. Calculate l(13).
7
Let c(a) = a + 20. Give c(-12).
8
Let h(a) = -a**3 + 5*a**2 + 7*a - 11. Determine h(5).
24
Let i(q) = q**2 + 16*q. Calculate i(-16).
0
Let i(v) = v - 18. Calculate i(14).
-4
Let g(a) = 23*a + 204. Determine g(-9).
-3
Let f(l) = -l**3 - 2*l**2 + 2*l + 2. Give f(-2).
-2
Let o(r) = -r**2 - 4*r + 1. What is o(-2)?
5
Let a(n) = 12*n - 91. Calculate a(7).
-7
Let p(q) = 2*q**2 - 29*q - 26. Give p(13).
-65
Let r(j) = -j**3 + 8*j**2 - 5*j + 1. Determine r(7).
15
Let l(c) = 2*c**2 + 15*c - 8. Give l(-8).
0
Let m(l) = -l**2 + 5*l + 12. Calculate m(4).
16
Let z(o) = -o**2 - 3*o + 2. What is z(-3)?
2
Let n(o) = o**3 + 7*o**2 + 9*o + 3. What is n(-6)?
-15
Let o(t) = -2*t. What is o(9)?
-18
Let m(l) = -l**3 - 7*l**2 + 2*l - 55. Determine m(-8).
-7
Let a(s) = s**3 + 4*s**2 - 27*s - 54. What is a(-7)?
-12
Let s(d) = 4*d + 6. Give s(-1).
2
Let f(d) = d**3 - 7*d**2 - 10*d - 13. Calculate f(8).
-29
Let i(f) = -4*f - 39. Give i(-9).
-3
Let c(m) = 10*m - 20. Give c(2).
0
Let s(x) = 95*x + 1796. What is s(-19)?
-9
Let q(a) = -7*a - 17. Determine q(0).
-17
Let z(u) = 24*u + 173. What is z(-7)?
5
Let d(m) = 31*m. What is d(2)?
62
Let d(a) = a. Give d(-5).
-5
Let w(f) = -f**3 - 6*f**2 - 16*f - 91. Give w(-6).
5
Let o(k) = -4*k**2 + 50*k - 15. Determine o(12).
9
Let x(g) = g**2 - 4*g. Give x(4).
0
Let q(u) = -5*u + 4. Give q(-4).
24
Let v(m) = 2*m + 23. Calculate v(17).
57
Let f(x) = -x**2 + 5*x - 6. Determine f(5).
-6
Let i(x) = x**3 + x**2 + 2*x + 7. Determine i(-3).
-17
Let i(d) = -d**3 + 3*d**2 - 1. What is i(-2)?
19
Let b(a) = 7*a**2 - 114*a + 21. Calculate b(16).
-11
Let b(z) = -8*z. Give b(1).
-8
Let l(j) = -j**3 - 16*j**2 - 16*j - 9. Give l(-15).
6
Let i(b) = b**2 + 20*b - 7. Give i(-10).
-107
Let d(b) = -17*b + 21. Determine d(3).
-30
Let c(l) = l**2 + 11*l + 6. Calculate c(-9).
-12
Let q(c) = 2*c - 7. Calculate q(6).
5
Let t(c) = 2*c - 31. Calculate t(7).
-17
Let t(i) = i**3 - 7*i**2 - i - 5. Determine t(8).
51
Let o(r) = -r**3 - 8*r**2 - 6*r + 6. Calculate o(-7).
-1
Let g(s) = 3*s**2 - 13*s - 2. What is g(4)?
-6
Let g(b) = b**2 + 6*b. Determine g(-4).
-8
Let s(o) = o - 30. What is s(18)?
-12
Let c(y) = -24*y + 46. What is c(2)?
-2
Let t(d) = -4*d + 8. Give t(6).
-16
Let z(t) = 2*t**2 - 30*t + 37. Determine z(13).
-15
Let x(n) = -3*n - 15. Give x(-11).
18
Let h(r) = -8*r**2 + r + 11. Calculate h(-2).
-23
Let y(z) = -z**3 - 14*z**2 + z - 1. Calculate y(-14).
-15
Let t(d) = d**3 + 11*d**2 - 31*d - 4. Calculate t(-13).
61
Let y(x) = -x**2 - 19*x + 1. Determine y(-19).
1
Let y(v) = -4*v + 1. What is y(-7)?
29
Let r(t) = -7*t + 25. Calculate r(7).
-24
Let q(u) = -u**3 + 3*u**2 + 7*u - 12. What is q(4)?
0
Let l(z) = z**3 - 3*z**2 - 2*z + 6. What is l(3)?
0
Let h(q) = q**2 + 5*q - 14. Give h(-6).
-8
Let d(m) = 2*m**2 + 13*m + 1. What is d(-7)?
8
Let o(u) = -u**3 - 8*u**2 + 23*u + 12. What is o(-10)?
-18
Let l(r) = -33*r - 413. What is l(-13)?
16
Let m(s) = -10*s + 70. What is m(8)?
-10
Let o(v) = v**3 + 8*v**2 + 10*v + 32. Calculate o(-7).
11
Let w(j) = j**2 + 12*j + 6. Calculate w(-11).
-5
Let u(w) = 2*w**3 + 7*w**2 - 1. Calculate u(-1).
4
Let a(o) = -10*o - 10. Determine a(4).
-50
Let w(t) = 46*t + 466. Determine w(-10).
6
Let t(z) = -15*z + 1. What is t(-2)?
31
Let q(j) = 2*j - 36. What is q(11)?
-14
Let v(z) = 7*z - 10. Give v(8).
46
Let h(a) = -a**3 - 13*a**2 + a + 11. Determine h(-13).
-2
Let j(b) = -b**3 - 4*b**2 - b + 3. What is j(-2)?
-3
Let i(o) = -o**2 + 4. Give i(4).
-12
Let h(v) = -v**2 - 34*v - 19. What is h(-34)?
-19
Let a(s) = 2*s - 2. Calculate a(-5).
-12
Let k(w) = 53*w**3 + w**2 + w. What is k(-1)?
-53
Let s(a) = 5*a - 136. Determine s(27).
-1
Let c(z) = -6*z + 4. Determine c(-4).
28
Let p(u) = -u + 12. What is p(16)?
-4
Let d(s) = -3*s + 87. What is d(24)?
15
Let u(r) = 4*r - 57. Determine u(-9).
-93
Let x(v) = -8*v - 19. Calculate x(-3).
5
Let t(a) = -15*a + 2. What is t(-1)?
17
Let a(l) = -l**3 - 4*l**2 + 8*l + 9. Give a(-7).
100
Let g(b) = -20*b + 270. Determine g(13).
10
Let y(w) = -w**3 + 8*w**2 + 9*w - 114. What is y(7)?
-2
Let f(k) = 10*k + 97. What is f(-8)?
17
Let n(s) = -s**3 + 6*s**2 + 6*s + 12. Calculate n(7).
5
Let t(f) = f**3 - 7*f + 5. What is t(4)?
41
Let r(b) = b**3 + 10*b**2 + 10*b + 11. Determine r(-9).
2
Let a(r) = -r**3 + 3*r**2 - 3*r + 8. What is a(4)?
-20
Let h(u) = -u**3 - 17*u**2 - 42*u - 8. Calculate h(-14).
-8
Let c(x) = -27*x**3 - 2*x**2 + 2*x - 1. What is c(1)?
-28
Let j(g) = -g**3 + 45*g**2 + 42*g + 192. Determine j(46).
8
Let t(m) = 10*m + 55. Give t(-5).
5
Let c(r) = -4*r**3 - 2*r**2 + r. Give c(1).
-5
Let p(t) = -11*t**2 - 58*t - 7. Give p(-5).
8
Let j(a) = a**2 + a - 12. Calculate j(-4).
0
Let b(k) = -89*k + 1071. What is b(12)?
3
Let u(m) = -m**2 + 5*m + 14. Determine u(10).
-36
Let t(u) = 4*u + 11. Determine t(12).
59
Let m(x) = -41*x + 5. Give m(2).
-77
Let f(x) = 16*x - 29. Give f(2).
3
Let l(o) = -o + 12. Calculate l(6).
6
Let o(b) = -3*b - 35. Calculate o(-15).
10
Let k(h) = h**3 - 3*h**2 + 6*h + 13. Give k(4).
53
Let y(r) = r**3 + 11*r**2 - 12*r - 16. Determine y(-12).
-16
Let g(d) = d - 2. What is g(13)?
11
Let k(d) = 3*d + 25. Give k(-9).
-2
Let q(w) = 2*w + 7. What is q(-12)?
-17
Let t(y) = 17*y + 44. Give t(-3).
-7
Let z(l) = -7*l - 7. What is z(-8)?
49
Let m(r) = -r + 8. Determine m(-8).
16
Let m(x) = 2*x**3 + 7*x**2 + 25. What is m(-5)?
-50
Let r(g) = -g**2 + 13*g - 14. Determine r(6).
28
Let i(o) = o**2 + 6*o + 4. Calculate i(-8).
20
Let x(a) = -a**3 - 8*a**2 + 8*a - 17. What is x(-9)?
-8
Let x(s) = -31*s - 6. Determine x(1).
-37
Let d(x) = x**2 - x - 13. Determine d(-7).
43
Let g(t) = t**3 + 8*t**2 + 9*t + 7. Give g(-6).
25
Let m(p) = -4*p**2 + 29*p - 5. Give m(7).
2
Let x(m) = -m**3 - 2*m**2 + 2*m - 2. Give x(-3).
1
Let k(t) = 4*t - 2. What is k(3)?
10
Let c(n) = -n**3 + 16*n**2 + 17*n - 2. Calculate c(17).
-2
Let b(j) = -j**3 - 7*j**2 - 8*j + 3. Determine b(-7).
59
Let d(p) = 6*p + 39. What is d(-5)?
9
Let a(i) = i**2 + 13*i - 9. Determine a(-13).
-9
Let z(p) = 2*p**2 + 20*p + 16. Calculate z(-9).
-2
Let g(h) = h**2 - 264*h - 799. Determine g(-3).
2
Let x(k) = -8*k + 13. What is x(9)?
-59
Let s(n) = -n**3 + 6*n**2 + 166*n - 857. Give s(5).
-2
Let y(t) = t**2 + 6*t - 5. Determine y(0).
-5
Let l(n) = n**3 - 6*n**2 + 2*n - 12. Calculate l(5).
-27
Let y(l) = -l + 4. Calculate y(0).
4
Let t(l) = l**3 + 30*l**2 - 62*l + 67. Determine t(-32).
3
Let s(m) = 2*m**2 + 4*m - 5. Calculate s(-4).
11
Let u(y) = 24*y - 186. Give u(7).
-18
Let u(p) = -14*p - 26. Calculate u(-5).
44
Let l(z) = -z - 4. What is l(-8)?
4
Let x(i) = -i**2 + 23*i - 9. Calculate x(23).
-9
Let t(w) = -w**3 + 19*w**2 - 2*w + 33. Calculate t(19).
-5
Let f(i) = 19*i - 160. Calculate f(8).
-8
Let x(n) = -4*n**3 + n**2 - 2*n - 1. What is x(-2)?
39
Let b(c) = c**2 - 4*c + 11. Calculate b(4).
11
Let f(u) = -u**2 - 9*u + 70. Determine f(-14).
0
Let a(g) = -5*g - 7. Give a(5).
-32
Let g(w) = 10*w - 16. Give g(4).
24
Let x(h) = -h**2 - 10*h - 17. Determine x(-4).
7
Let a(j) = 17*j + 30. Calculate a(-2).
-4
Let f(t) = 59*t - 1414. Determine f(24).
2
Let z(a) = 3*a + 14. What is z(-7)?
-7
Let a(q) = -q**2 - 4*q - 4. What is a(-3)?
-1
Let u(m) = m**2 - 14*m - 30. Calculate u(11).
-63
Let j(l) = -3*l + 29. Give j(11).
-4
Let o(l) = -5*l + 88. Determine o(19).
-7
Let p(t) = 14*t + 191. What is p(-13)?
9
Let g(c) = -33*c - 634. Give g(-19).
-7
Let p(y) = 2*y + 11. Give p(8).
27
Let q(z) = 4*z**2 + z - 1. Calculate q(1).
4
Let i(w) = w**2 + 34*w + 13. Calculate i(-31).
-80
Let w(v) = v**2 - 13*v - 25. Calculate w(15).
5
Let z(r) = r - 12. Wh